 base 12?
-4b94
-197d (base 16) to base 7
-25011
Convert -268 (base 15) to base 2.
-1000100100
What is 14b (base 15) in base 9?
358
What is -3a3 (base 16) in base 15?
-421
What is -10424 (base 5) in base 10?
-739
What is 91b4 (base 12) in base 2?
11110111011000
What is -1011001001 (base 2) in base 15?
-328
Convert 3a (base 11) to base 8.
53
-da (base 14) to base 6
-520
What is -7ac2 (base 14) in base 10?
-21338
What is -122330 (base 5) in base 7?
-16514
What is 2ec6 (base 15) in base 2?
10011101100110
Convert 211422 (base 6) to base 16.
4346
Convert 1200221 (base 3) to base 14.
648
What is 211211002 (base 3) in base 2?
100000011111010
What is -14773 (base 8) in base 15?
-1e86
What is 48d (base 15) in base 10?
1033
Convert 100000001 (base 2) to base 8.
401
402121 (base 5) to base 14
4934
What is 8254 (base 10) in base 16?
203e
Convert 1422 (base 8) to base 7.
2202
-104442 (base 5) to base 12
-2203
Convert 22200022 (base 4) to base 2.
1010100000001010
What is -190 (base 16) in base 4?
-12100
1a08a (base 13) to base 5
3110040
Convert -10050 (base 8) to base 15.
-135b
What is -11011 (base 3) in base 11?
-a2
-474 (base 13) to base 2
-1100000011
Convert 1ae (base 16) to base 15.
1da
What is 2db (base 16) in base 4?
23123
236 (base 10) to base 12
178
What is 1985 (base 16) in base 14?
2549
-1335 (base 7) to base 11
-42a
8295 (base 13) to base 9
26660
Convert 496 (base 15) to base 4.
100101
What is 8da (base 14) in base 7?
5063
Convert 230313 (base 4) to base 14.
1091
What is 102120102 (base 3) in base 15?
2775
What is -1f3b (base 16) in base 6?
-101003
What is -5208 (base 15) in base 6?
-212125
Convert 37358 (base 10) to base 8.
110756
What is -12232110 (base 4) in base 16?
-6b94
1d5 (base 15) to base 12
2b5
What is 7012 (base 9) in base 6?
35402
What is 12130 (base 6) in base 2?
11011110110
What is -10555 (base 6) in base 10?
-1511
What is 71a2 (base 14) in base 5?
1111141
Convert 1112010 (base 5) to base 11.
13826
Convert 410 (base 8) to base 12.
1a0
What is -10000101100 (base 2) in base 16?
-42c
Convert -57436 (base 9) to base 16.
-9579
Convert cce (base 16) to base 10.
3278
Convert -6fa (base 16) to base 11.
-1384
What is -5a4 (base 16) in base 10?
-1444
-1551 (base 10) to base 16
-60f
Convert 1454a (base 11) to base 10.
20624
What is -10212001 (base 3) in base 10?
-2809
What is 131 (base 9) in base 16?
6d
1408 (base 14) to base 3
11211222
1041 (base 5) to base 4
2102
What is -22100 (base 3) in base 7?
-441
Convert 1876 (base 10) to base 14.
980
-4268 (base 9) to base 7
-12104
What is 3223 (base 6) in base 16?
2df
-3cb (base 15) to base 11
-718
What is -4244 (base 8) in base 7?
-6310
Convert 1000 (base 2) to base 6.
12
What is 810 (base 9) in base 6?
3013
What is 0 (base 3) in base 14?
0
5c83 (base 14) to base 6
202535
What is -202121102 (base 3) in base 13?
-6ab8
What is -3235 (base 14) in base 15?
-2881
Convert 331 (base 15) to base 9.
881
Convert -88aa (base 16) to base 11.
-24316
What is -2012 (base 3) in base 4?
-323
What is b91 (base 15) in base 2?
101000110011
What is -20420 (base 8) in base 13?
-3b11
Convert -2646 (base 14) to base 11.
-5065
-883 (base 15) to base 8
-3603
-2244 (base 10) to base 15
-9e9
Convert -112222221 (base 3) to base 12.
-63b1
-10241 (base 5) to base 9
-853
What is -43152 (base 7) in base 3?
-112201000
Convert 61176 (base 10) to base 15.
131d6
179a2 (base 12) to base 13
12788
Convert 6e (base 15) to base 13.
80
What is -1000001011000 (base 2) in base 8?
-10130
What is 3450 (base 6) in base 13?
4b3
Convert 4199 (base 15) to base 6.
144113
1532b (base 12) to base 11
20470
-225 (base 11) to base 2
-100001101
What is 122222101 (base 3) in base 2?
11001100110001
-191 (base 10) to base 5
-1231
-1445 (base 8) to base 9
-1084
What is -7dc (base 14) in base 12?
-aa6
What is 110010000 (base 2) in base 12?
294
Convert 13474 (base 15) to base 11.
42445
What is -672 (base 8) in base 2?
-110111010
1000111202 (base 3) to base 6
232502
-11e (base 16) to base 3
-101121
Convert 10330321 (base 4) to base 15.
6021
3372 (base 9) to base 10
2495
What is -334515 (base 6) in base 5?
-1401041
Convert -10876 (base 10) to base 5.
-322001
Convert -13d (base 16) to base 14.
-189
Convert -178 (base 11) to base 9.
-248
6c0b (base 16) to base 12
1400b
-13180 (base 9) to base 5
-241101
-432 (base 5) to base 9
-140
What is -135b5 (base 13) in base 5?
-2124040
Convert -1624 (base 7) to base 12.
-467
What is -553345 (base 6) in base 15?
-da15
Convert 15120 (base 10) to base 13.
6b61
-11362 (base 7) to base 3
-11000201
-5597 (base 10) to base 13
-2717
What is 113354 (base 6) in base 14?
3846
What is 4326 (base 12) in base 13?
3483
Convert acb (base 13) to base 12.
10a9
15610 (base 9) to base 13
4b42
10010101001 (base 2) to base 6
5305
-777 (base 12) to base 7
-3130
Convert -2245 (base 11) to base 2.
-101110001001
What is -21355 (base 6) in base 11?
-2243
-1000000 (base 2) to base 6
-144
What is 5531 (base 8) in base 4?
231121
-c19 (base 13) to base 14
-a66
a38 (base 15) to base 11
1804
What is 67c (base 15) in base 3?
2000100
What is -14242 (base 5) in base 6?
-5313
Convert -b6b5 (base 16) to base 4.
-23122311
-560 (base 10) to base 11
-46a
What is -30013 (base 5) in base 11?
-1462
111000110111110 (base 2) to base 13
1033b
What is 2d0 (base 15) in base 7?
1611
What is 3220220 (base 4) in base 7?
61256
What is 211010100 (base 3) in base 8?
37400
-1301023 (base 4) to base 10
-7243
Convert 201000112 (base 3) to base 8.
33051
Convert -6a7c (base 16) to base 10.
-27260
11000011 (base 2) to base 9
236
What is 3331 (base 5) in base 9?
567
Convert -2614 (base 8) to base 5.
-21140
1222000 (base 3) to base 12
9b3
What is 443a (base 12) in base 5?
220114
Convert -111111 (base 3) to base 16.
-16c
What is -3492 (base 10) in base 8?
-6644
254a (base 13) to base 2
1010010110101
What is 1010110010 (base 2) in base 9?
846
Convert -6053 (base 7) to base 15.
-94b
Convert 3022113 (base 4) to base 8.
31227
Convert -187 (base 14) to base 6.
-1243
What is -1200 (base 11) in base 4?
-120211
What is 100112 (base 6) in base 10?
7820
What is 5232 (base 6) in base 7?
3263
What is -15a (base 12) in base 14?
-114
724 (base 15) to base 7
4456
Convert -4351 (base 7) to base 15.
-6da
Convert -d8f1 (base 16) to base 6.
-1105041
Convert -1100001 (base 2) to base 3.
-10121
What is -2541 (base 7) in base 12?
-680
Convert -1130000 (base 5) to base 3.
-1001021220
101100 (base 2) to base 12
38
221012 (base 3) to base 11
569
What is -18776 (base 9) in base 10?
-13029
Convert -31012 (base 4) to base 3.
-1011001
1022101 (base 3) to base 9
1271
What is 3041 (base 14) in base 10?
8289
-106b5 (base 12) to base 16
-54e9
-3490 (base 10) to base 6
-24054
What is -10001001010 (base 2) in base 5?
-13343
-111101 (base 4) to base 13
-809
What is 210210202 (base 3) in base 10?
15896
What is -1085 (base 14) in base 9?
-3828
What is 22457 (base 9) in base 7?
61414
Convert 1233103 (base 4) to base 8.
15723
103 (base 16) to base 3
100121
What is 111001000 (base 2) in base 11?
385
102200 (base 3) to base 13
1b3
Convert -121132 (base 6) to base 5.
-320030
Convert -23073 (base 9) to base 4.
-3300033
What is -2c8c (base 13) in base 8?
-14612
Convert 20d3 (base 14) to base 4.
1120221
1448 (base 16) to base 12
3008
-6003 (base 13) to base 7
-53304
Convert 155673 (base 8) to base 6.
1112231
What is 4784 (base 9) in base 15?
10c4
Convert 1fc (base 16) to base 14.
284
-28a (base 12) to base 3
-112121
Convert 401 (base 6) to base 11.
122
What is -312 (base 8) in base 10?
-202
Convert 10421 (base 5) to base 12.
514
Convert a6 (base 11) to base 3.
11022
What is 850c (base 13) in base 7?
104512
Convert -1011111000000 (base 2) to base 14.
-2304
664 (base 15) to base 2
10110100100
What is 17672 (base 8) in base 3?
102010211
What is 1140 (base 7) in base 8?
644
Convert -13124 (base 5) to base 6.
-4451
-1212 (base 13) to base 10
-2550
Convert 16a (base 13) to base 5.
2012
Convert -40025 (base 6) to base 9.
-7118
-2214302 (base 5) to base 6
-455102
What is -29c6 (base 16) in base 3?
-112200002
Convert -210 (base 12) to base 16.
-12c
-c5b (base 14) to base 9
-3303
-22243 (base 5) to base 10
-1573
What is -1100100101110 (base 2) in base 15?
-1d9b
What is -1110000111100110 (base 2) in base 13?
-20426
What is -3012 (base 5) in